
Evaluate (18 - (-46 + 24)) + -19.
21
Calculate -1 - -5 - 19 - (2 - 13).
-4
What is -13 - (10 + (-34 - (11 + -23)))?
-1
What is (5 - (-4 - 2)) + -22?
-11
Calculate -19 - (-7 + -7 + 4).
-9
What is (-1 - (-27 + 22)) + 1 + 5?
10
Evaluate -40 - (38 - (13 + 41)).
-24
What is 3 - (19 + -6 - 11)?
1
Evaluate (4 - -5) + -13 + 19 + 6.
21
-16 - (3 - 10) - -1
-8
(-2 - 4) + -48 + 63
9
Calculate (4 - 1) + (13 - 28) + 3.
-9
Evaluate -6 + (-1 - (-2 + 21 - (10 - 4))).
-20
Evaluate 32 + -40 + (-4 - (3 + -2 - 4)).
-9
What is -8 + 2 + -12 + 2 - (-5 + 3)?
-14
Evaluate 55 + -56 + (-1 + (1 - -14) - -2).
15
Calculate -4 + 1 + -3 + 1 - (1788 + -1792).
-1
What is the value of 2 + (3 - 8) - (-2 + 13)?
-14
Calculate 23 + 3 + (-14 - (-11 - -9)).
14
Evaluate 6 - (0 - (4 + -4 + (-5 - -10))).
11
Calculate -5 - (27 + -19 + -34).
21
What is the value of 11 + ((-1 - 3) + (-136 - -90) - -9)?
-30
(-176 - -196) + (0 - 7)
13
What is the value of 4 - 0 - (-2 + 5 - 1)?
2
-18 + 3 + 6 + 1
-8
What is 9 + (7 + -11 - 4) + (11 - 1)?
11
-1 + (-8 + 2 - -13)
6
What is the value of 0 - -2 - ((-11 - 1) + (-1 - -6))?
9
(-1 + -3 + 4 - (-4 - 4)) + 0
8
Evaluate 27 + -20 + (-2 - (2 + 3)) + -1.
-1
What is the value of -22 + 28 + 37 - 20?
23
Calculate 36 + -17 + 10 + -1.
28
(1 + 8 - (-38 - -43)) + -4 + -3
-3
Evaluate -10 + 6 - (-11 + 15).
-8
What is the value of 51 + -56 - (-3 + -1 + 3)?
-4
What is the value of -272 + 261 - (-2 + 2 + -8)?
-3
Evaluate -23 + (-5 + 14 - (6 + -2 - 4)).
-14
What is the value of (5 - -2) + -2 - (-5 - (-7 + -12))?
-9
Evaluate 6 - 1 - ((10 - 2) + (2 - 6)).
1
What is the value of (-16 - (-9 + (8 - 6) + -1)) + 7?
-1
(0 - (-7 - (0 - 0))) + -15 + 2
-6
What is the value of -29 + 33 + -22 - -13?
-5
Calculate (1 - -10) + 12 + -17 + 3 + 2.
11
Evaluate 66 + 9 + -36 + (4 - (8 - 4)).
39
What is -8 - (-8 + 2 + -2)?
0
Calculate -7 - (-2 - ((-2 - -2) + 7 + -5)).
-3
Calculate 23 - 1 - 5 - (-1 - -8).
10
What is 1 + -28 + -97 + 109 - (0 + 0)?
-15
Evaluate -3 + 2 + -8 + 17.
8
What is (23 - 49) + (22 - 26)?
-30
Calculate 5 - 4 - (0 + 0 - (75 - 52)).
24
Evaluate -28 + 14 + 12 + (1 - 1) - 1.
-3
(18 - 23) + 4 - (1 + 9 - -1)
-12
Evaluate -15 - 5 - (-29 - -8).
1
Evaluate -15 + -2 - (-9 - (-20 + 2 - -10)).
-16
Calculate 11 + -15 - -8 - (-2 + 1 - -10).
-5
Evaluate -2 + -5 + (-7 - (8 + -19)).
-3
Evaluate 3 + 5 - (17 + -4 + -24 - 0).
19
(-20 - (16 + -48 + 16)) + 5
1
What is 1517 + -1485 - (8 - (-2 + 3))?
25
Evaluate (-59 - -79 - (12 + 0)) + 1 + -30.
-21
(3 - (-1 + -2)) + 4 + (2 - 1)
11
What is 10 + (5 - 9) + 10?
16
What is the value of (12 - (-31 + 35 - (-8 + 2))) + -26?
-24
What is the value of 4 - (29 + -5 - (4 + 8))?
-8
Calculate 6 + (-8 - -10) - (-35 + 58).
-15
Evaluate 7 + 0 + -18 + -34 + 35 + -1.
-11
Calculate 13 + (-3 - 6) - 9.
-5
Calculate 6 + (-14 - (-16 - -5) - 8).
-5
What is (-1 - (-2 + 7 + -10)) + 0?
4
What is 8 + (-15 - (8 + -6)) + 4 + 2?
-3
Evaluate (-6 + 7 + -6 - -12) + -14.
-7
Evaluate -4 - -1 - (0 - -9 - (76 + -69)).
-5
What is 9 - 26 - -28 - (-1 + -1)?
13
Evaluate 63 + -60 + (-14 - 0).
-11
Evaluate -11 + (12 - (-1 - 5)).
7
What is the value of 9 + -4 + (8 - (-20 - -25))?
8
Evaluate -6 - ((5 - 18) + 11).
-4
What is 20 + -11 - (-5 + 6 + (3 - 6))?
11
Calculate (10 - 4 - -1) + -1 + -1 - -1.
6
What is -5 + -23 - -3 - -46?
21
-3 + 4 + 3 + -11 + 2 - -7
2
(-6 - -10) + -15 + -3 + (14 - 18)
-18
Evaluate -23 - ((-17 - 1) + 11).
-16
(-59 - -62 - (1 - 4)) + -6 + 1
1
What is the value of (8 - (8 + (16 - 0))) + 5?
-11
Evaluate 74 + -63 + (-11 - (-1 - 1)).
2
What is the value of (-3 - -4) + -12 - (53 - 23 - 30)?
-11
What is the value of 28 + -58 - -23 - 3?
-10
What is the value of -80 + 91 - (-2 + 17)?
-4
What is 6 - -1 - (20 + 6 + (-9 - 10))?
0
Evaluate (1 - -12) + -23 - (3 + -1).
-12
Calculate 1 + 6 + 4 + 2 + 2.
15
What is -22 + (0 - -10) - 12?
-24
Evaluate (-99 - -129) + -32 + 15.
13
54 - 59 - (8 + -9 + 4 + 25)
-33
Evaluate 42 + -26 + 27 + -83.
-40
30 + 7 + -2 + (-1 - 4) - 8
22
-1 + (7 - (-9 - -2 - -17))
-4
Calculate 3 + 8 - (177 - 147).
-19
What is the value of 20 + 9 + (-59 - -23)?
-7
Evaluate 23 + 2 + (-18 - 12 - -28).
23
What is ((-3 - -2) + 0 - -26) + (1703 - 1703)?
25
Evaluate -46 + 84 + -26 + -30.
-18
Calculate -7 - (3 - (-3 - 9) - 6).
-16
What is the value of 14 + -12 - (27 + 9) - -8?
-26
Calculate -2 + -7 - 5 - (-4 - (-1 + 1)).
-10
-25 + 16 + -16 + 23
-2
-2 + (6 - 2) + -10
-8
Evaluate (23 - 1) + (37 + -33 - (10 - -2)).
14
Calculate (-2 - 13 - -1) + 2 - 5.
-17
What is the value of 10 + (1 - (9 + -1))?
3
Calculate (-1 - 6 - (1 + -29)) + -8 - -2.
15
Evaluate -14 + (9 + 2 - -8).
5
Calculate -2 + 65 + -54 + (1 - 1).
9
Calculate 29 + (-23 - (8 - 11)) + (0 - 16).
-7
(2 - -4) + (-3 - 0) + -5 + 5
3
18 + -8 + (-4 - -4) + 6
16
What is (22 + -1 + -15 - 2) + 1?
5
18 + -6 + -6 + 2 + 12
20
What is 9 - -5 - 34 - -10?
-10
Calculate 6 + (0 - 4) + 0 + -5 + 14.
11
Calculate 21 + -1 + 8 + -255 + 251.
24
What is 3 + (-17 - -66) + -24?
28
10 - (15 + 21 - 11) - -38
23
What is 27 + ((11 - 20) + 12 - 9)?
21
Evaluate (-8 - -2) + 3 - (54 + -57).
0
What is the value of (4 - -5) + (-10 - -4) + 4 + 1?
8
-17 - (12 - (5 - 6))
-30
Evaluate 0 - -1 - (16 - (-1 - -9)).
-7
What is the value of -12 + -29 + 35 + (5 + -3 - 15)?
-19
What is (379 - 409) + (-4 - -2)?
-32
What is the value of -1 + 11 + -17 + 4 + -8 + -3?
-14
What is the value of -6 + 1 + -2 - (7 - 2)?
-12
(15 - 3) + (69 - 80)
1
What is the value of -4 + (-11 - (0 + -8 + -10) - 18)?
-15
What is -23 - (0 - 0 - (166 - 162))?
-19
What is the value of -36 - (-10 + -14) - -28?
16
Evaluate -62 - -65 - (-3 + 8).
-2
-4 - ((-4 + 5 + -1 - 17) + -3)
16
Calculate (-5 - (1 + -11 - -11)) + -2.
-8
Evaluate -5 + -5 + 17 + 8 + -7 - 2.
6
What is 4 - (7 + -3 - (12 + -29))?
-17
What is the value of -9 + (-6 - (-2 + -2)) + 4?
-7
What is the value of -1 + -7 + (3 - 2 - 0) + -6?
-13
(-2 - 6 - -5 - 5) + -1 + 0
-9
What is 13 - 0 - 0 - (-859 - -867)?
5
-8 + (9 - -9) + 3
13
What is the value of 5 + 0 + 2 - (359 + -354)?
2
Calculate 0 + (0 - (-3 - -3)) - (35 - 47).
12
What is the value of 15 + -10 + 1 - 9 - (2 - -1)?
-6
What is 66 + -61 + (-5 - -8)?
8
What is the value of 19 + 4 + -1 - 4?
18
8 + -16 - (-17 + 3)
6
Evaluate 0 + (-4 - 0) + (4 + 1 - 10).
-9
What is the value of -20 + -4 + -15 + 29?
-10
Evaluate -38 - 1 - (-1 + (22 + -43 - -16)).
-33
What is 62 + -23 + -9 + -29?
1
What is the value of (7 - (33 + -39 + (5 - -2))) + -13?
-7
Calculate -3 - (-2 - 3) - -9.
11
Evaluate 5 - (4 + -5 + -1) - (-2 - 0).
9
What is -1 - (0 + 1) - (-39 + 23 + 25)?
-11
What is -18 + 37 + -22 + 7?
4
2 - (-1 + 3) - 5
-5
Calculate -10 - (-2 + -28 + 14).
6
What is 13 - (-17 - -2) - 17?
11
3 + (2 - 4 - 1) + (-9 - 2)
-11
Evaluate 5 - (2 - (-9 + 4)).
-2
What is 9 - (17 + -18 + 0)?
10
(6 - (28 + -6)) + -1 + 5
-12
What is -267 + 273 + -16 + 2 - 6?
-14
Calculate -31 - ((16 - 11) + -16) - 1.
-21
Calculate -9 - (-11 - 10) - -13.
25
-17 + 17 + (-5 - 0) + -4
-9
-6 - ((-15 - 1) + (-8 - (-1 - -1)))
18
What is the value of -14 - -7 - -8 - (-1 + 12)?
-10
Evaluate 1 + 0 + -17 + 1 + (-185 - -186).
-14
Evaluate 5 + (3 + 0 - -11) + (28 - 33).
14
Calculate 23 + -13 + (-6 - -23).
27
What is the value of -10 + (-4 - -8) + 4?
-2
What is the value of -20 + 17 - (2 - 20)?
15
Evaluate -3 + 15 + -3 + (12 - 8) + 0.
13
-2 + 1 - -1 - (7 - (16 - 5))
4
What is the value of 1 - (6 + 6 + -12)?
1
5 - (2 + -7) - (-3 - -6)
7
(0 - (-6 - -6 - -2) - 1) + -4
-7
-1 + -1 - (43 - 20 - 28)
3
-2 - -6 - 6 - (0 + -8)
6
Evaluate -10 - -13 - (3 + 4 + 0 + -15).
11
Calculate 3 - ((-22 - -62) + -24).
-13
Calculate -6 + -1 + 1 + 16 + -16.
-6
What is the value of (15 - 0) + -32 + 35 - 22?
-4
What is -1 + 4 + -15 + 5 + 2 - -4?
-1
What is -10 - ((-8 - (-7 + 11)) + 22)?
-20
Calculate -5 + (0 - -3) + -4 - (-4 - 15).
13
-27 + (-18 - -32) + 5 - -9
1
Evaluate 12 - (-4 + 1 + 126 + -120).
9
What is the value of 5 - (-10 - (12 - 27))?
0
10 + (5 - (-10 + 8 - -6))
11
What is the value of 26 + 3 + -13 + 23 + 2 + -18?
23
Calculate (4 - 0 - 34) + (-2 - -14 - 4).
-22
What is (9 - 1) + 45 + -45 + -20?
-12
Calculate 0 - (-13 - -7) - (1 - -2 - 6).
9
Calculate 12 - 13 - ((-1 - (2 + -6)) + 6).
-10
Evaluate (0 + 0 - 3) + 63 + -60.
0
-21 + (34 - 49) + 11
-25
What is the value of (-39 - -15) + 6 + 5?
-13
What is the value of (-17 + 39 - -6) + -19 + 12?
21
Calculate (2 - (-3 - -8)) + -4 + 4 